/6 + 91/3. Suppose 14*b + k = -26. Let n(h) = h**3 + 5*h**2 + 2*h - 3. What is n(b)?
5
Let c(z) = -4*z - 20 + 21*z - 6719*z**2 + 6718*z**2. What is c(14)?
22
Let g(r) = r**2 - 30*r + 208. Suppose -4*v - 5*a + 2*a = -86, 50 = 2*v + 5*a. Let i be g(v). Let j(l) = l**3 - 6*l**2 - 17*l + 12. Give j(i).
4
Suppose u - 23*m + 14 = -18*m, -u + 36 = 5*m. Let y(j) = -j**3 + j**3 + 18*j**2 - u*j**2 - 2 + 2*j**3 - j**3 + 6*j. Determine y(-5).
18
Suppose -20 = -9*q + 106. Let p(y) = 3*y - 26*y + 14 + q*y + 8*y. Calculate p(7).
7
Let p(i) = 88*i**2 - 81*i - 298. Let d(a) = 23*a**2 - 20*a - 75. Let u(o) = -23*d(o) + 6*p(o). Give u(-23).
6
Suppose -5*q + 3*c = 2*c - 8, -2*q - 6 = -5*c. Let u(j) = 23*j**2 - 7*j**2 - 9*j**2 + 4*j + q - 8*j**2. Calculate u(-4).
-30
Let l(g) = 4*g + 10. Let c(f) = -f - 3. Let z(n) = 10*c(n) + 2*l(n). Suppose 2*s - 4*b + 26 = 0, 5*s + 3*b + 17 = 4. What is z(s)?
0
Let i = -5 + 7. Let h(b) = -b + 251 + 260 + 5*b**2 + b**2 - 509. Determine h(i).
24
Let s(q) = -14*q**2 + q - 10. Let h(f) = 5*f**2 + 3. Let y(u) = -17*h(u) - 6*s(u). Let l = 184 + -192. Determine y(l).
-7
Let h(w) be the first derivative of -17*w**2/2 - w - 3229. Determine h(-8).
135
Let b(r) be the third derivative of r**6/40 + r**4/6 + 5*r**3/3 + 7*r**2 - 91. Give b(-2).
-22
Suppose -21*b + 109 = 25. Suppose 0 = -n - b + 14. Let o(p) = p**2 - 10*p - 12. Calculate o(n).
-12
Let d(p) = -p**3 + 18*p**2 - 15*p - 36. Let h(a) = -a**2 + 130*a + 8561. Let g be h(-48). Calculate d(g).
-2
Let r(h) = h**2 - 27*h + 27. Let a be r(26). Let k be (4 + -10)*(a + 24/(-18)). Let d(i) = i**3 - 2*i**2 + i - 1. What is d(k)?
1
Suppose -85 = -5*p - 3*c + 5*c, 0 = -3*c. Let a(t) = -5*t**2 + p*t**3 + 14*t**3 - 47*t**3 + 15*t**3 - 2 - 3*t. Let k = -2 - 3. What is a(k)?
13
Let x(c) be the second derivative of 3*c**3 - 2*c. Suppose -17*p - 109 = 2594. Let d = p + 158. What is x(d)?
-18
Let m(w) be the second derivative of -11*w**3/6 + 53*w**2/2 + 56*w - 14. What is m(5)?
-2
Let c(r) be the third derivative of r**4/24 + r**3 - 28*r**2 + 83*r. Let u(s) = s - 7. Let j be u(9). Suppose -15 = 3*y + j*y. Calculate c(y).
3
Let z = -214 + 82. Let k = 136 + z. Let x(a) = a**2 - 6*a + 1. Determine x(k).
-7
Let i(g) = -g - 1. Let b(k) = -2*k + 0*k + 75 - 78. Let r(u) = -b(u) + 4*i(u). Calculate r(8).
-17
Let t(b) = 132*b - 241. Let a(c) = 41*c - 80. Let n(m) = -19*a(m) + 6*t(m). Determine n(-6).
-4
Let f(t) = -5 - 18*t + 10*t + 9*t. Let n be 5 + 6 + -14 + 9/3. Determine f(n).
-5
Let g be (-312)/2*5/(-15). Let d = g - 50. Let v(f) = -2*f - 3*f**2 + 2*f - 1 + 5*f**d - 2*f. Give v(-1).
3
Let z(u) = u**3 + 4*u**2 + u - 4. Let l be z(-2). Let f(v) = -22 + 45 + 4*v - 22 - l*v. Determine f(-4).
-7
Let f(l) = -l**3 + 5*l**2 - l - 5. Let w(s) = 7*s**2 - 12*s + 6. Let b(a) = 15*a**2 - 24*a + 17. Let n(x) = -2*b(x) + 5*w(x). Let j be n(3). Determine f(j).
-10
Let c(a) = -5*a**2 + 3 - 8 - a**2 - a**3 - a**2 - 6*a. Let n = -4977 - -4972. Give c(n).
-25
Let h(g) = -3*g**2 - 5*g + 7. Let o(v) = -5*v**2 - 7*v + 9. Let k(i) = 4*h(i) - 3*o(i). What is k(0)?
1
Suppose 2*c + 4 = -2*w, 2*c + 3*c - w - 20 = 0. Suppose c*b + 25 = 5*u, 0*u + u + 13 = -3*b. Let n(x) = 5*x**2 - 3 + 5*x - 1 - 3*x**u - x**2. Determine n(-6).
2
Let z(g) = -g**2 - 5*g + 17. Let j be z(-6). Suppose 4*w - j = -7. Let o(n) = 6*n**2 + n - 1. Give o(w).
6
Let a(z) be the second derivative of -z**5/10 + z**4/6 + z**3/3 - 3*z**2/2 - 18*z + 6. Suppose 3*k = -k + 8. Give a(k).
-7
Let b(v) = -13*v + 5. Suppose -4730*d = -4734*d + 12. Give b(d).
-34
Let g(z) = z**3 - 8*z**2 + 9*z + 1. Let y = -7 - -10. Let i(m) = m**2 - 3*m - 31. Let w be i(8). Suppose y*q - w = -3*s, 2*s = 4*q - 2*s - 44. Determine g(q).
15
Let r(f) = -2*f**2 + 41*f - 9. Let a(d) = -5*d**2 + 122*d - 27. Let u(i) = 3*a(i) - 8*r(i). Let y be u(-38). Let p(l) = -l**3 - 9*l**2 + l + 10. Give p(y).
1
Let g be (1/(-3))/((-2 - 3)/45). Let b be -7*(2 - g) + 36/(-9). Let x(s) = -s + 3. What is x(b)?
0
Suppose 305*b = 364*b - 295. Let d(f) = 2*f**3 - 3*f**2 - 36*f - 11. What is d(b)?
-16
Suppose -91 = -327*i + 325*i + l, -2*i + 85 = -3*l. Let t(j) = j**3 - 49*j**2 + 102*j - 376. What is t(i)?
0
Let s = -21 + 161. Let l(u) = -2 + s*u - 135*u - 1. Determine l(4).
17
Let a be (-1*6)/((-11)/(-22)*-2). Let p(b) = 8*b - 49. What is p(a)?
-1
Let z(r) be the third derivative of -1/12*r**4 + 0*r - 1/30*r**5 + 1 + 72*r**2 + 0*r**3. Determine z(-2).
-4
Let f be -24 - (9 - 20 - 4). Let t(u) = 38*u + 339. What is t(f)?
-3
Let a be -6*(-7 + (-78)/(-9)). Let w be a/(-6) + (-6 - 74/(-6)). Let i(u) = u**2 - 4*u. Calculate i(w).
32
Let w(k) = -k**2 - 3*k - 3. Suppose 13*z - 16 = 10. Suppose -t - 68 = 5*u, 4*t + 341 = -z*u - 21. Let j = 89 + t. What is w(j)?
-7
Let a(w) = -w**3 - 8*w**2 - 6*w - 7. Let x(f) = -f**3 - 13*f**2 - 11*f - 2. Let v be x(-12). Let s = v - -26. Suppose 18*j + 42 = s*j. Give a(j).
-14
Let k be 0 - ((-1)/(-5) - (-348)/(-15)). Let n(g) = -7*g - 11*g + k*g. What is n(5)?
25
Let h(m) be the first derivative of 8*m**2 - 138*m - 6121. Calculate h(8).
-10
Let t(j) = -j**3 - 3*j**2 - 4. Let s be 11/((-88)/32) + 8 + -1. Let n be 90/(-24) + s/4. Determine t(n).
-4
Let g(h) = 2*h + 9. Let z(b) = -16*b**3 - b**2 + b + 2. Let f be z(-1). Suppose -12*u = -f*u - 156. Let n = u - -32. Give g(n).
-5
Let h(z) = 13*z - 7. Suppose s - 31 = 11*a - 16*a, 2*s = 5*a - 13. Let k(w) = 28*w - 14. Let v(c) = s*k(c) - 13*h(c). Give v(10).
-3
Let n(c) = c**3 + 5*c**2 + 3. Let t be n(-5). Let m(b) = 68*b**2 + 6*b - 13. Let k(y) = 49*y**2 + 4*y - 9. Let z(v) = -7*k(v) + 5*m(v). What is z(t)?
-23
Suppose -7*y - 10 = -5*y, 0 = -3*l + 2*y - 11. Let c(k) = -11*k**2 + 21*k - 1. Let h(r) = 13*r**2 - 22*r + 2. Let i(p) = l*c(p) - 6*h(p). Calculate i(-16).
-21
Let n(j) be the second derivative of j**4/6 + j**3/2 + j**2/2 - j. Let m = -616 + 514. Let l be 2*3*m/306. What is n(l)?
3
Let d(m) = -m**2 + 16*m - 5. Let u be d(14). Suppose 8*f = -u*f + 341. Let v(l) = -l**2 + 10*l + 12. Give v(f).
1
Let z(w) = 2*w**2 - 5. Let d(j) = 11*j**2 + 4*j - 9. Let s(n) = d(n) - 5*z(n). What is s(-5)?
21
Let r(k) be the second derivative of -3*k**5/10 - k**3/6 - k**2/2 + 3*k. Let d(s) = 2*s**3 - 4*s**2 - 35*s + 24. Let o be d(5). Calculate r(o).
6
Let o(y) = 2 - 2543*y**2 - y**3 - 6*y - 2537*y**2 + 5088*y**2. Calculate o(7).
9
Let f = 433 + -430. Let i(v) = 5*v**3 + 14*v**3 + 2 + 11*v**3 - 32*v**f + 3*v + 2*v**2. What is i(3)?
-25
Let h(v) = -261 + 261 - 9*v**3 + 47*v + 0*v**2 - v**2 - 49*v. Determine h(-1).
10
Let r(y) = 7*y**2 + 101*y - 1. Let n(v) = 19*v**2 + 269*v - 3. Let a(z) = 3*n(z) - 8*r(z). Let j = 0 + -2. Let k be a(j). Let g(m) = m - 1. Determine g(k).
4
Let a(m) = 9*m + 7*m + 474*m**2 - 24 + 475*m**2 - 1422*m**2 + 471*m**2. What is a(6)?
0
Suppose 447*g - 442*g - 295 = 0. Suppose 32 = -q - 30. Let v = q + g. Let d(t) = -t**3 - 2*t**2 + 2*t + 3. Give d(v).
6
Let m(d) = 5*d**2 + 2*d - 21. Let g(a) = -3*a**2 - a + 9. Let c(v) = 9*g(v) + 4*m(v). Give c(3).
-69
Let l(p) be the second derivative of 31*p**6/720 + p**4/12 + 15*p**2/2 - 79*p. Let c(f) be the third derivative of l(f). What is c(-1)?
-31
Suppose 9*i + 3*b - 69 = 0, 26 = 4*i - 9*b + 11*b. Let k(p) = 25*p - 248. What is k(i)?
2
Let x(s) = -s - 19. Let u(r) = -r**2 - 18*r + 252. Let g be u(-27). Calculate x(g).
-28
Let w(o) = -23*o - 58. Let j(h) = -83*h - 178. Let l(f) = -4*j(f) + 14*w(f). Calculate l(7).
-30
Suppose 20*d - 4*d - 672 = 0. Let i(b) = -73*b - 5*b**2 + 38*b - b**3 + d*b. Calculate i(-6).
-6
Let g(p) = -32*p + 38*p**2 + 34*p - 73*p**2 + 30*p**2 - 1 - p**3. Suppose 3*x + 4*y - 4 = x, -4*y + 46 = -5*x. Give g(x).
23
Let o(s) = -7*s - 7*s**2 - s**3 - 14*s + 2 - 3 + 13*s. Let v = 355 - 251. Let l = v - 110. What is o(l)?
11
Let o(n) = 68 - 37 - 2*n**3 - 10*n**2 - 18 + 0*n**2. What is o(-5)?
13
Let b(w) be the first derivative of w**5/120 + w**4/3 - 2*w**3/3 + 2. Let u(q) be the third derivative of b(q). Let x = -1401 + 1395. Calculate u(x).
2
Suppose -z = -4, j = 3*j - z + 4. Suppose 4*i - h - 3 = j, -5*h - 1 = -6. Let d(f) = -4*f**3 + f**2 - f. Determine d(i).
-4
Let u be 5*1 - (46 + -68). Let g(d) = -73 - d + 27 + u + 24. Give g(-10).
15
Let t(u) = u**3 + 6*u**2 - 6*u - 12. Let f be t(-6). Let m = f - 21. Suppose 1 - 16 = m*v. Let s(c) = c + 2. What is s(v)?
-3
Let t(w) =